48*m + 38*m = 0. Suppose -2*a + 2*k = 98 - 10752, 2*a + 2*k - 10638 = m. Is a a composite number?
False
Is (-21333)/52*((-645)/9 + -7) composite?
True
Suppose -131 + 5 = -14*z. Suppose -15*w = z*w - 311448. Is w composite?
True
Let w(r) = -4*r - 5. Let t be w(-2). Suppose 61*d = 64*d - t. Is (-4068)/27*(d + 10/(-4)) a composite number?
True
Let o be (45/10 + -3)*(-62)/(-3). Suppose -3*v - o = -1. Let g(x) = -x + 9. Is g(v) a prime number?
True
Let t(x) = -4659*x - 2941. Is t(-6) a prime number?
True
Suppose -748101 = 3*c - 5*k - 2911363, 0 = 5*c + 5*k - 3605370. Is c a prime number?
True
Let p(m) = 786*m - 5. Let x be ((-22)/(-4))/(45/90). Is p(x) a composite number?
False
Suppose -3*b + 0*b = -2*x + 3, 0 = -b - 4*x - 1. Is (2055/(-1))/3*b prime?
False
Let l(y) = -2507*y + 272. Is l(-9) a composite number?
True
Let x = 1904 - 3586. Suppose -o - k = 3043, 0 = o + o - k + 6086. Let f = x - o. Is f composite?
False
Let y = 543307 - 182558. Is y a prime number?
True
Let q(j) = -123*j + 2. Let t(s) = -s**3 + 3*s**2 + 5*s - 6. Let h be t(3). Let i be (44/12 + -4)*h. Is q(i) prime?
False
Let n(z) = 28*z + 1906. Let c be n(-50). Let m = 6 - 3. Suppose w = -m*g - 28 + c, 3*w = g - 156. Is g composite?
True
Let h(u) = u**3 - 9*u**2 + 9*u + 37. Let t be h(7). Suppose -1623 = -t*p - 5*s, p = -20*s + 18*s + 811. Is p composite?
False
Let q(g) = 3*g**2 - 132*g - 6. Let s(o) = -o**2 + 65*o + 3. Let a(n) = -2*q(n) - 5*s(n). Is a(-26) a prime number?
True
Suppose 2*s + 9457 = 4*p - 1619, -2783 = -p + 4*s. Is p prime?
True
Let s = 324 - 325. Is (-1366 + 11 + -14)*1/s composite?
True
Let b be ((-10)/(-40))/(1/(-4)) + 3. Suppose -b*g = 3*h - 24887, g + 3*g + 2*h - 49794 = 0. Is g composite?
False
Let h = 4669 - 296. Is h prime?
True
Let x = 262424 + -160803. Is x prime?
False
Let g(o) be the first derivative of 23/2*o**2 - 7 - 1/3*o**3 - 14*o. Is g(20) a composite number?
True
Let o be ((-24)/9)/(35/15 - 3). Suppose -13*h = 5*f - 17*h - 13537, 4*h + 10832 = o*f. Is f prime?
False
Let g = 90992 + -56571. Is g prime?
True
Let k(d) be the second derivative of d**5/10 - d**4/4 + 8*d**3/3 - d**2 - 3*d. Let a be k(8). Suppose -t = t - a. Is t prime?
True
Let c(q) = -2*q**2 - 12*q - 18. Let p be c(-3). Suppose 2*f - 2*y = -p*f + 3796, -5*y = 25. Is f a composite number?
True
Let h(s) = s**2 - 7*s + 5. Let g be h(5). Let c be 8/(-20) - 17/g. Suppose 11*k - 3272 = c*k. Is k a prime number?
True
Let f(m) = 9*m + 150. Let z be f(-17). Is 8/(-4) - z - -2578 composite?
False
Suppose -3*q + 1086 + 2592 = 0. Let j = q - 178. Suppose 4*c - 1051 = r - 0*r, 0 = -4*c + 4*r + j. Is c composite?
False
Let v(r) = -4*r - 43. Suppose 39 = -0*q - 3*q. Let s be v(q). Is 960 - s/(36/8) a composite number?
True
Let a(n) = 2565*n**3 - 7*n**2 - 35*n + 131. Is a(4) composite?
False
Suppose 2*h - 581219 = -b - 175912, -3*b - 5*h + 1215923 = 0. Is b prime?
False
Suppose -3*c = 2*l - 6*c - 77053, 3*c + 192628 = 5*l. Suppose 3*x - l = -2*v, -5*v + 2*v = 3*x - 38529. Is x prime?
False
Let f(b) be the third derivative of -7367*b**6/15 - b**5/60 - b**4/4 - 2*b**3/3 + 2*b**2 - 1. Is f(-1) a prime number?
True
Let m(t) = -t**2 - 10*t - 28. Let r be m(-5). Is ((-5)/r)/((-21)/(-43533)) prime?
False
Let h = 77 - 73. Suppose 0 = -4*j - 2*g - 16 - 12, 4*j - h*g = -16. Is (j/(-24))/(2/3544) prime?
True
Suppose 262 = 2*l + 3*o, 2*l - 5*o - 147 = 131. Suppose 0 = 5*m - 4*m. Suppose b - l = -m*b. Is b prime?
False
Suppose -522*l = -511*l - 2427689. Is l prime?
True
Suppose -5*w + 484182 = 2*v, 130*v - 242061 = 129*v + 5*w. Is v a prime number?
False
Is ((-40)/(-18) - 4/18) + (117491 - -4) a composite number?
False
Is 2*(1 - (-15)/(-6))*(-3578425)/75 a prime number?
True
Suppose 14*n - 5*n = 36. Suppose -3*d = d + 3*p - 2699, 2723 = n*d - 5*p. Is d a prime number?
True
Let l = -109456 + 280178. Is l composite?
True
Suppose 272*k = 12*k + 149739140 - 17115480. Is k prime?
False
Let k be (902/(-3))/((-1)/((-132)/(-8))). Let y = 7806 - k. Is y a composite number?
True
Let w(b) = -89363*b + 74. Is w(-1) composite?
True
Let o = 9129 - -21108. Is o a prime number?
False
Let j = 155 - -100. Let s be (318/(-15))/((-3)/j). Suppose k - x = 4*x + s, -2*x = 4*k - 7274. Is k a prime number?
False
Let g = -6909 - -4792. Suppose -o = 864 + 3148. Let n = g - o. Is n a composite number?
True
Suppose 0 = -3*f - 3, -3*p - 3627 = f + 991. Let r = 898 - p. Is r a prime number?
True
Suppose 0*b + 13*b = 3640. Let p = 307 + b. Is p composite?
False
Is (-660194)/(12 + 140/(-10)) a composite number?
False
Suppose -r + m = -134672, 0 = -25*r + 30*r - m - 673348. Is r prime?
True
Let w(m) = 224*m**3 - 4*m**2 - 79*m + 937. Is w(14) composite?
True
Suppose i = -g + 27, 1 = g - 2*g. Suppose -108 = -i*v + 22*v. Is 61796/v + 7/(-63) a composite number?
False
Is (-9)/(378/(-10850266)) - (-10)/(-6) a composite number?
True
Suppose 216*o + 275371 - 14617003 = 12262872. Is o a prime number?
True
Let m(j) = -j**3 + 18*j**2 + 21*j + 50. Let n be m(21). Let l(o) = -3*o**3 + 7*o**2 + 7*o - 6. Let k be l(-7). Let w = n + k. Is w composite?
True
Let m(v) = v**3 + 15*v**2 + 13*v + 2. Let l be m(-14). Suppose -4 = 4*f - l. Suppose -n - 4*n = 5*x - 3495, f*n + 2121 = 3*x. Is x a composite number?
True
Suppose 15*n + 2*z - 133 = 14*n, 0 = -n - 3*z + 136. Suppose 45913 = n*v - 120*v. Is v a prime number?
False
Let l be 586 - (-3 - 4 - -1). Let n = l + -201. Is n a prime number?
False
Suppose -4*z + 5*h = 0, -4*h + h = -3*z + 3. Suppose -z*t - 5*k = -57840, 3*k + 7750 + 3822 = t. Is t a composite number?
True
Suppose 24*d - 23*d - 11366 = 0. Is d prime?
False
Let i(o) = -o**2 - 9*o - 15. Let t be i(-5). Suppose t*x - 3176 - 99 = 0. Is x a composite number?
True
Let u = -265553 - -460544. Is u composite?
True
Let o(n) = 85*n**2 + 99*n - 91. Is o(-18) a prime number?
True
Let s(m) = 670*m. Let y be s(6). Suppose 0 = 11*a - 2371 - y. Is a a prime number?
False
Let l(y) = -30106*y + 179. Is l(-8) a prime number?
True
Is 0/(-2) - (-22451132)/(9 + 35) composite?
False
Let w = -26096 - -85353. Is w prime?
False
Let y(i) = 147*i**2 + 3*i + 10. Let a be y(5). Let o = 5461 - a. Suppose -4*x + x + o = 0. Is x a prime number?
True
Suppose 3*h + 3*c - 21 = 0, 2*h - 4*c + 21 = c. Let i be (h/(-3) + (-71838)/(-27))/1. Suppose 2*p + 5*k = -3*p + i, 0 = p - 4*k - 557. Is p composite?
True
Let w = 617200 - 326137. Is w composite?
True
Suppose -2*w - 5*x = w - 209965, 5*x + 139960 = 2*w. Is w a composite number?
True
Let b = 359 + -339. Suppose b*t = -31*t + 108477. Is t composite?
True
Suppose 15*f - 78921 = -5*p - 7661, -3*p = f - 42732. Is p composite?
False
Let d = 69715 - 100928. Let g = -9726 - d. Is g prime?
True
Suppose 20*m - 8 = 18*m. Suppose 5*u + 0*u = -m*j + 2931, -u - 2*j + 585 = 0. Is u composite?
False
Let y be (-9)/(-15) - (-70)/175. Is 8149 - (y + 3 + 2) a prime number?
False
Let c(v) = -6*v + 111. Let r be c(11). Suppose -r*j + 11534 = -29821. Is j a composite number?
False
Let b(l) be the second derivative of -529*l**3 + 7*l. Let o be b(-1). Let n = 6107 - o. Is n a composite number?
True
Let d(l) = -31 - 37*l + 5*l**2 + 7*l**2 + 40*l - l**2. Let v be 4/8*-6 - 4. Is d(v) a composite number?
False
Let c be (-3 + 30/9)/((-3)/(-272763)). Let y = c - 19501. Suppose 5*z = 6019 + y. Is z composite?
True
Let o = -2582 - -1813. Let n = 1072 - o. Is n prime?
False
Suppose -8*q - 62 = -7*q. Let a = q - -66. Suppose 2*c + 2 + a = 0, 2*c = -3*k + 87. Is k composite?
False
Suppose 14081 = 2*l - 5*n - 7028, -2*n = 2. Suppose -10*s = l - 30042. Is s a composite number?
False
Let k(o) = -13*o + 16780. Let z be k(0). Suppose 0 = 5*h - 4*v - 20975, 73*h - 69*h - 3*v - z = 0. Is h prime?
False
Let q = -158109 - -420496. Is q composite?
False
Suppose -13*u + 3*b + 10 = -9*u, -2 = u - 3*b. Suppose 0 = u*c + 3316 - 25048. Is c composite?
True
Let d(o) = 19*o**2 - 45*o + 33. Let w = 13 - -7. Is d(w) composite?
False
Let g(h) = 394946*h**2 - 60*h + 125. Is g(2) prime?
False
Let q = 32480 - 14848. Suppose 4*u + 2*r - q = 0, -u + 4*u + r = 13225. Is u prime?
True
Let d(l) = 255*l**2 - 58*l + 28. Is d(9) a prime number?
True
Let k(v) = 161308*v**2 - 131*v + 408. Is k(3) a composite number?
True
Let a be (-59)/(((-3 - -4) + -3)/2). Suppose -n - 4*z = -a, 4*n + 5*z - 9*z - 136 = 0.